- 29. What is the units digit of p?
4
Suppose 7*y + 600 = 12*y. What is the tens digit of y?
2
Suppose 2*m - 1 - 5 = 0. Suppose -3*g - 20 = -3*v - v, 4*g = m*v - 15. Suppose 5*k + g*k = 35. What is the units digit of k?
7
Let r be 2/5 - 72/(-20). Suppose -d + 3*d = r. What is the units digit of d?
2
Let y(o) = -2*o**2 - 15*o - 3. What is the units digit of y(-6)?
5
Let h(z) = -2*z**3 - 5*z**2 + 3*z - 6. Let j(b) = -3*b**3 - 5*b**2 + 2*b - 7. Let f(x) = 4*h(x) - 3*j(x). What is the units digit of f(4)?
5
Let t = -443 - -636. What is the tens digit of t?
9
Let n(g) = -86*g**3 - 2*g - 2. What is the tens digit of n(-1)?
8
Suppose -5*d + 4*k = -d - 500, -3*k = d - 125. What is the units digit of d?
5
Suppose 0 = 2*j - 0*j. What is the tens digit of (-22 + j)*(-5)/10?
1
Let n(j) = 3*j - 2. What is the tens digit of n(5)?
1
Let k be 0*(-3)/(-9) - 0. Suppose 4*i = -8, 3*l + k*i + 2*i - 17 = 0. What is the units digit of l?
7
Let h = 790 - 459. What is the hundreds digit of h?
3
Let r = 39 - 23. Suppose 0 = -3*c - 6, s - 5*s - 4*c = r. Let x = s - -6. What is the units digit of x?
4
Let a(p) = -157*p - 5. What is the tens digit of a(-2)?
0
Let t(n) = n**2 + 70. What is the tens digit of t(0)?
7
What is the tens digit of 38 + (6/(-12) - 7/(-2))?
4
Let f be 4/10 - (-24)/15. Suppose -2*a - 3*v - 6 = f*v, 10 = -5*v. Suppose -a = 3*m - 17. What is the units digit of m?
5
Let i(u) be the second derivative of u**6/360 + u**5/120 + u**4/12 - u. Let k(y) be the third derivative of i(y). What is the units digit of k(2)?
5
Suppose -2*j = -2*h + 10 + 38, -3*h + 4*j + 73 = 0. Suppose z + h = 4*f + 4*z, 0 = -4*z + 20. Suppose f*b - 5*b + 9 = 0. What is the units digit of b?
3
Suppose 2*b - 216 = -2*z - 2*z, 4*b = -4*z + 416. What is the tens digit of b?
0
What is the units digit of -1 - ((3 - 8) + -4)?
8
Suppose 4*r + 7 = -d, 0*d - 4*d + 32 = -4*r. Let g = 2 + 1. Let t = g - r. What is the units digit of t?
6
Let b = -110 + 420. What is the tens digit of b?
1
Let k = 35 - -44. What is the tens digit of k?
7
Let k(f) = -2*f**2 + 4*f + 1. Let q(c) = c**2 + c. Let g(y) = -k(y) + 3*q(y). What is the units digit of g(-1)?
5
Let y be (-28)/(-6)*9/6. Let h = y - 5. Suppose i - h*i = -12. What is the units digit of i?
2
Suppose -5*l = n - 28, 2*n = 5*l + 22 - 56. Suppose l = -v - 2*v. What is the units digit of v/2*(1 + -6)?
5
Suppose 0 = b + b - 76. What is the tens digit of b?
3
Let l(k) = 11*k. Let z be 6/24 + 13/(-4). Let b be l(z). Let f = -22 - b. What is the tens digit of f?
1
Let n(c) = -c + 9. Let v = 15 - 8. Let i be n(v). Suppose i*m - 4*m + 18 = 0. What is the units digit of m?
9
Suppose 0 = o - 3*s - 19 - 1, -3*o + 30 = -3*s. Let n = -2 + o. What is the units digit of (-16)/(-3) - n/9?
5
Let x be -3 + (3 - 3 - -24). Let w = -13 + x. Let t = w - -2. What is the units digit of t?
0
Suppose 2*s - 4*v - 20 = -0*s, -5 = -3*s + v. Suppose -4*c - c + 90 = s. What is the units digit of c?
8
Let v(s) = -s**3 - 3*s**2 + 3*s - 5. Let w be v(-4). Let x = 11 - w. What is the tens digit of x?
1
What is the hundreds digit of (770/(-21))/((-16)/12 - -1)?
1
What is the tens digit of 15/3*(3 + 0)?
1
Let o = -3 + 3. Let d be (-6)/1*(-1 - o). Suppose -d*t + 30 = -t. What is the units digit of t?
6
Let h = 1 + -2. Let q = h + -3. What is the units digit of q/12 - (-16)/3?
5
Let y(v) = -v - 1. Let m be y(1). Let o be (3 - -9)*m/(-6). Suppose -k = 9 - 4, 5*d + o*k = -10. What is the units digit of d?
2
Suppose 6*d = 5*j + d - 80, 2*j + 4*d - 56 = 0. Let a = 4 + j. What is the units digit of a/3 + (0 - 0)?
8
Let m(j) = j**3 + 3*j**2 - 4*j + 1. Let d(z) be the second derivative of -z**4/12 + z. Let a be d(2). What is the units digit of m(a)?
1
Let t(w) = -w - 5. Let b be t(-7). Suppose 5*c + b = -3. What is the units digit of -3 + 2 + 12 + c?
0
Suppose m - 4 = 4*j, 5*m + 19 = -3*j + 131. Suppose -a = -m - 15. What is the units digit of a?
5
Let z(b) = 4*b**2 + 8*b - 34. What is the hundreds digit of z(7)?
2
Let y(a) = a**2. Let j(t) be the second derivative of -t**4/6 - t**2 - 3*t. Let c(x) = j(x) + 4*y(x). What is the units digit of c(2)?
6
What is the units digit of 28/(-1 - 6/(-4))?
6
Let j(h) = 2*h + 4. Suppose 6*i + 4 = 4*i, -3*i = 4*s + 30. Let p be j(s). Let d(w) = w**3 + 9*w**2 + 9*w + 11. What is the units digit of d(p)?
3
Let o be (1/(-2))/((-6)/(-60)). Let a(k) = -k**2 - 8*k + 1. Let w(j) = 2*j**2 + 16*j - 1. Let p(z) = 7*a(z) + 3*w(z). What is the tens digit of p(o)?
1
What is the hundreds digit of 8672/28 + 7/(49/2)?
3
Let h be (-4)/3 - 5/(-15). Let s be 0 - -4 - (h - 0). Let u(q) = 3*q - 7. What is the units digit of u(s)?
8
Let f = 40 - -33. What is the tens digit of f?
7
Let j = 0 - -7. Suppose -4*w - 54 = -j*w. What is the tens digit of w?
1
Let h(x) = -2*x**3 - 4*x**2 + 9. What is the tens digit of h(-4)?
7
Let q be 10/(2/4*4). Let s(l) = 2*l - 5. Let v be s(q). Suppose -4*c = 12, -5 = -v*o - 0*o - 5*c. What is the units digit of o?
4
Let s(n) be the first derivative of -n**3/3 - 3*n**2 + 4*n - 2. What is the units digit of s(-6)?
4
Let w = 12 + -5. Let a = -5 + w. What is the units digit of a?
2
Suppose 3*t - 4*z + 3 = 27, -t - z = -1. Suppose -t*c = -6*c + 4*j + 48, -3*j = -12. What is the units digit of c?
2
Suppose -9*x = -8*x - 14. Suppose -4*t - x = -v - 7, -t = 5*v - 14. Suppose 0*r + 15 = v*r. What is the units digit of r?
5
Let b = 75 + 41. What is the tens digit of b?
1
Let p be (-8)/(-5) + (-4)/(-10). Suppose 2*j - 4 = -p*j. What is the units digit of (j + 0)*-2*-1?
2
Suppose -2*j + q = -2*q, j - 13 = -5*q. Suppose -j*s = -9 - 6. What is the units digit of s?
5
Let b = 9 + -6. Let f = 0 + b. What is the units digit of f?
3
Let f = 150 + 36. What is the units digit of f?
6
Suppose -124 = 3*a - k, k + 2*k = -a - 58. Let h = -31 - a. What is the units digit of h?
2
Suppose -3*q = -4*f + 28, -8 = f - 4*q - 2. Let l = -5 + f. Suppose l*w - h + 3 = 4, 0 = -w - 2*h + 9. What is the units digit of w?
1
Let w(s) = 2*s - 2*s - 3*s - 1 - 3*s. Let u = -4 + 2. What is the units digit of w(u)?
1
Suppose 3*a - 5*h - 38 = -3*h, 0 = 4*h - 8. Let z = a - -4. What is the tens digit of z?
1
Let d = -1 - 4. Let f = d + 8. Suppose -11 + 32 = f*l. What is the units digit of l?
7
Let r be 3/6*(-8)/2. Let a be 54/10 - r/(-5). Let z = 10 - a. What is the units digit of z?
5
Let r(n) = -n**3 + 9*n**2 + 5*n - 12. What is the tens digit of r(9)?
3
Let z = -17 - -15. What is the units digit of (35 - 5)*(3 + z)?
0
Let l = 12 - 2. Let b = l + -7. What is the units digit of b?
3
Let f be 2/(-3) + 67/(-3). Let t = f + 34. Let z = t - -1. What is the tens digit of z?
1
Let q be ((-162)/(-24))/((-3)/8). What is the tens digit of (-2)/((q/39)/3)?
1
Suppose -2*y + 183 = v, -4*y - v + 369 = -0*v. What is the tens digit of y?
9
Suppose 3*k - 4*l + 16 = 0, -l + 3*l = -3*k + 8. Suppose -4*y + 3*x - 13 = k, -x + 4 = -2*y - 3. Let t = 16 + y. What is the units digit of t?
2
Let u = 31 - 1. What is the units digit of u?
0
Let b be 3 - (1 + 0) - -1. Suppose 7 + b = 5*f. What is the units digit of ((-15)/(-6))/(f/4)?
5
Let c = 325 + -228. What is the units digit of c?
7
Suppose 7*w = 5*w + 2. What is the units digit of w?
1
Let q(i) = -45*i + 7. What is the units digit of q(-5)?
2
Let p(u) be the second derivative of -u**3 - u**2 - 1/2*u**4 - 1/20*u**5 + 0 - 2*u. What is the units digit of p(-5)?
3
Suppose 0*r = 3*r - 165. Suppose -r = -5*p + 5. What is the units digit of p?
2
Suppose q = -4*m + 15, 0*m - 5*m = -q - 21. Let z(c) = 15*c**2 + 2*c + 1. What is the tens digit of z(q)?
1
Suppose 0 = 2*n - 0*n - 36. Suppose 0 = -2*b + n - 4. What is the units digit of b?
7
Suppose -3*y - t - 1 + 0 = 0, 3*t = y - 3. Let h = y + -1. What is the units digit of (-2)/h + (-8)/(-2)?
6
Suppose q = 6*q - 5. Suppose 2*t - q = t. Let z = 4 - t. What is the units digit of z?
3
What is the units digit of (-18 - 0)/(-2)*17/51?
3
Let h be 468/12 + 0 + 3. Let c = h + -26. What is the tens digit of c?
1
Let h = 0 + 3. Suppose 2*u + 0*u = 0. Let s = h - u. What is the units digit of s?
3
Suppose 13 + 7 = 4*l. Suppose 0 = -2*a + a + l. Suppose 8 = v + x, -4*v = -3*x + a*x - 28. What is the units digit of v?
6
Suppose -5*j + 4*l - 11 = 0, 6 = -0*j + 2*j + l. What is the units digit of 25 - (4/2 + j)?
2
Suppose 0 = x + 4 -